{"id":38,"date":"2022-08-02T12:18:55","date_gmt":"2022-08-02T15:18:55","guid":{"rendered":"https:\/\/www.sea.unt.edu.ar\/?page_id=38"},"modified":"2022-08-02T12:18:55","modified_gmt":"2022-08-02T15:18:55","slug":"funciones-2","status":"publish","type":"page","link":"https:\/\/www.sea.unt.edu.ar\/?page_id=38","title":{"rendered":"Funciones"},"content":{"rendered":"<div class=\"wp-container-4 gridContainer\">\n<div class=\"wp-block-columns\"><div class=\"wp-container-1 gridContainer\">\n<div class=\"wp-block-column\"><div class=\"gridContainer\">\n<ul>\n<li style=\"text-align: center;\">Asesorar en la definici\u00f3n de los objetivos y metas previstos en materia de<br \/>gesti\u00f3n administrativa y econ\u00f3mico-financiera y proponer las politicas y<br \/>acciones definidas en su consecuencia.<\/li>\n<\/ul>\n<\/div><\/div>\n<\/div>\n\n<div class=\"wp-container-2 gridContainer\">\n<div class=\"wp-block-column\"><div class=\"gridContainer\">\n<ul>\n<li style=\"text-align: center;\">Entender en la programaci\u00f3n, ejecuci\u00f3n, control y distribuci\u00f3n del presupuesto<br \/>universitario.<\/li>\n<\/ul>\n<\/div><\/div>\n<\/div>\n\n<div class=\"wp-container-3 gridContainer\">\n<div class=\"wp-block-column\"><div class=\"gridContainer\">\n<ul>\n<li style=\"text-align: center;\">Procurar la incorporaci\u00f3n de fuentes complementarias de financiamiento para<br \/>solventar el cumplimiento de metas institucionales espec\u00edficas.<\/li>\n<\/ul>\n<\/div><\/div>\n<\/div><\/div>\n<\/div>\n\n<div class=\"wp-container-8 gridContainer\">\n<div class=\"wp-block-columns\"><div class=\"wp-container-5 gridContainer\">\n<div class=\"wp-block-column\"><div class=\"gridContainer\">\n<ul>\n<li style=\"text-align: center;\">Atender la gesti\u00f3n econ\u00f3mico-financiera de la UNT.<\/li>\n<\/ul>\n<\/div><\/div>\n<\/div>\n\n<div class=\"wp-container-6 gridContainer\">\n<div class=\"wp-block-column\"><div class=\"gridContainer\">\n<ul>\n<li style=\"text-align: center;\">Gestionar la adecuada programaci\u00f3n, organizaci\u00f3n y control de los actos y<br \/>procedimientos administrativo-contables.<\/li>\n<\/ul>\n<\/div><\/div>\n<\/div>\n\n<div class=\"wp-container-7 gridContainer\">\n<div class=\"wp-block-column\"><div class=\"gridContainer\">\n<ul>\n<li style=\"text-align: center;\">Coordinar la gesti\u00f3n integral de los recursos humanos de la UNT procurando<br \/>la adecuada implementaci\u00f3n de las politicas definidas para su administraci\u00f3n.<\/li>\n<\/ul>\n<\/div><\/div>\n<\/div><\/div>\n<\/div>\n\n<div class=\"wp-container-12 gridContainer\">\n<div class=\"wp-block-columns\"><div class=\"wp-container-9 gridContainer\">\n<div class=\"wp-block-column\"><div class=\"gridContainer\">\n<ul>\n<li style=\"text-align: center;\">Definir programas institucionales de capacitaci\u00f3n y desarrollo de los recursos<br \/>humanos.<\/li>\n<\/ul>\n<\/div><\/div>\n<\/div>\n\n<div class=\"wp-container-10 gridContainer\">\n<div class=\"wp-block-column\"><div class=\"gridContainer\">\n<ul>\n<li style=\"text-align: center;\">Entender en las politicas de salud para el personal de la UNT.<\/li>\n<\/ul>\n<\/div><\/div>\n<\/div>\n\n<div class=\"wp-container-11 gridContainer\">\n<div class=\"wp-block-column\"><div class=\"gridContainer\">\n<ul>\n<li style=\"text-align: center;\">Atender lo relacionado con los organismos fiscales y previsionales.<\/li>\n<\/ul>\n<\/div><\/div>\n<\/div><\/div>\n<\/div>\n\n<div class=\"wp-container-16 gridContainer\">\n<div class=\"wp-block-columns\"><div class=\"wp-container-13 gridContainer\">\n<div class=\"wp-block-column\"><div class=\"gridContainer\">\n<ul>\n<li style=\"text-align: center;\">Entender en la administraci\u00f3n de los servicios generales, el mantenimiento y<br \/>conservaci\u00f3n de los bienes muebles e inmuebles de la Universidad.<\/li>\n<\/ul>\n<\/div><\/div>\n<\/div>\n\n<div class=\"wp-container-14 gridContainer\">\n<div class=\"wp-block-column\"><div class=\"gridContainer\">\n<ul>\n<li style=\"text-align: center;\">Realizar la gesti\u00f3n patrimonial, registro y guarda de bienes.<\/li>\n<\/ul>\n<\/div><\/div>\n<\/div>\n\n<div class=\"wp-container-15 gridContainer\">\n<div class=\"wp-block-column\"><div class=\"gridContainer\">\n<ul>\n<li style=\"text-align: center;\">Garantizar la eficiencia de los procesos administrativos en un contexto de<br \/>gesti\u00f3n de calidad.<\/li>\n<\/ul>\n<\/div><\/div>\n<\/div><\/div>\n<\/div>\n\n<div class=\"wp-container-19 gridContainer\">\n<div class=\"wp-block-columns\"><div class=\"wp-container-17 gridContainer\">\n<div class=\"wp-block-column\"><div class=\"gridContainer\">\n<ul>\n<li style=\"text-align: center;\">Desarrollar e implementar sistemas de informaci\u00f3n universitaria que permitan<br \/>contar con informaci\u00f3n segura, confiable, pertinente e integrada para la toma<br \/>de decisiones.<\/li>\n<\/ul>\n<\/div><\/div>\n<\/div>\n\n<div class=\"wp-container-18 gridContainer\">\n<div class=\"wp-block-column\"><div class=\"gridContainer\">\n<ul>\n<li style=\"text-align: center;\">Procurar el desarrollo y mantenimiento de la Infraestructura de Conectividad y<br \/>Redes y los servicios de hardware utilizados en todo el \u00e1mbito de la UNT.<\/li>\n<\/ul>\n<\/div><\/div>\n<\/div><\/div>\n<\/div>\n\n<div class=\"wp-container-22 gridContainer\">\n<div class=\"wp-block-columns\"><div class=\"wp-container-20 gridContainer\">\n<div class=\"wp-block-column\"><div class=\"gridContainer\">\n<ul>\n<li style=\"text-align: center;\">Producir, analizar y difundir estad\u00edsticas para los procesos de gesti\u00f3n de las<br \/>diferentes \u00e1reas de la UNT.<\/li>\n<\/ul>\n<\/div><\/div>\n<\/div>\n\n<div class=\"wp-container-21 gridContainer\">\n<div class=\"wp-block-column\"><div class=\"gridContainer\">\n<ul>\n<li style=\"text-align: center;\">Propiciar y fortalecer pr\u00e1cticas de trabajo transversal, colaborativo y en red<br \/>para la implementaci\u00f3n de proyectos que involucren a diferentes \u00e1reas de la<br \/>UNT.<\/li>\n<\/ul>\n<\/div><\/div>\n<\/div><\/div>\n<\/div>","protected":false},"excerpt":{"rendered":"<p>Asesorar en la definici\u00f3n de los objetivos y metas previstos en materia degesti\u00f3n administrativa y econ\u00f3mico-financiera y proponer las politicas yacciones definidas en su consecuencia. Entender en la programaci\u00f3n, ejecuci\u00f3n, control y distribuci\u00f3n del presupuestouniversitario. Procurar la incorporaci\u00f3n de fuentes complementarias de financiamiento parasolventar el cumplimiento de metas institucionales espec\u00edficas. Atender la gesti\u00f3n econ\u00f3mico-financiera de&nbsp;&hellip;<\/p>\n","protected":false},"author":1,"featured_media":0,"parent":0,"menu_order":0,"comment_status":"closed","ping_status":"closed","template":"","meta":[],"_links":{"self":[{"href":"https:\/\/www.sea.unt.edu.ar\/index.php?rest_route=\/wp\/v2\/pages\/38"}],"collection":[{"href":"https:\/\/www.sea.unt.edu.ar\/index.php?rest_route=\/wp\/v2\/pages"}],"about":[{"href":"https:\/\/www.sea.unt.edu.ar\/index.php?rest_route=\/wp\/v2\/types\/page"}],"author":[{"embeddable":true,"href":"https:\/\/www.sea.unt.edu.ar\/index.php?rest_route=\/wp\/v2\/users\/1"}],"replies":[{"embeddable":true,"href":"https:\/\/www.sea.unt.edu.ar\/index.php?rest_route=%2Fwp%2Fv2%2Fcomments&post=38"}],"version-history":[{"count":0,"href":"https:\/\/www.sea.unt.edu.ar\/index.php?rest_route=\/wp\/v2\/pages\/38\/revisions"}],"wp:attachment":[{"href":"https:\/\/www.sea.unt.edu.ar\/index.php?rest_route=%2Fwp%2Fv2%2Fmedia&parent=38"}],"curies":[{"name":"wp","href":"https:\/\/api.w.org\/{rel}","templated":true}]}}